{"id":50,"date":"2022-09-02T15:44:19","date_gmt":"2022-09-02T15:44:19","guid":{"rendered":"https:\/\/lviremes.fi\/?page_id=50"},"modified":"2025-11-12T10:50:23","modified_gmt":"2025-11-12T10:50:23","slug":"etusivu","status":"publish","type":"page","link":"https:\/\/lviremes.fi\/","title":{"rendered":"Etusivu"},"content":{"rendered":"\n<p><strong>LVI Remes Oy \u2013 luotettavaa talotekniikkaa Jyv\u00e4skyl\u00e4n seudulla.<\/strong><br>Asennamme ja huollamme l\u00e4mp\u00f6pumput, vesikalusteet, k\u00e4ytt\u00f6vesiputkistot ja l\u00e4mmitysj\u00e4rjestelm\u00e4t ammattitaidolla.<br><\/p>\n\n\n\n<p>Palvelemme joustavasti kotitalouksia ja yrityksi\u00e4 \u2013 sovitaan aika ja hoidetaan ty\u00f6 huolella alusta loppuun.<\/p>\n\n\n\n<div class=\"wp-block-buttons is-layout-flex wp-block-buttons-is-layout-flex\">\n<div class=\"wp-block-button\"><a class=\"wp-block-button__link wp-element-button\" href=\"#Bottom\" rel=\"\">Tilaa putkimies<\/a><\/div>\n<\/div>\n","protected":false},"excerpt":{"rendered":"<p>LVI Remes Oy \u2013 luotettavaa talotekniikkaa Jyv\u00e4skyl\u00e4n seudulla.Asennamme ja huollamme l\u00e4mp\u00f6pumput, vesikalusteet, k\u00e4ytt\u00f6vesiputkistot ja l\u00e4mmitysj\u00e4rjestelm\u00e4t ammattitaidolla. Palvelemme joustavasti kotitalouksia ja yrityksi\u00e4 \u2013 sovitaan aika ja hoidetaan ty\u00f6 huolella alusta loppuun.<\/p>\n","protected":false},"author":1,"featured_media":0,"parent":0,"menu_order":0,"comment_status":"closed","ping_status":"closed","template":"","meta":{"footnotes":""},"class_list":["post-50","page","type-page","status-publish","hentry"],"yoast_head":"<!-- This site is optimized with the Yoast SEO plugin v27.4 - https:\/\/yoast.com\/product\/yoast-seo-wordpress\/ -->\n<title>Etusivu - LVI Remes Oy<\/title>\n<meta name=\"description\" content=\"Putkimies Jyv\u00e4skyl\u00e4, L\u00e4mp\u00f6pumppu, putkiremontti, LVI asennus ja huolto asiakasl\u00e4ht\u00f6isesti ja ammattitaidolla.\" \/>\n<meta name=\"robots\" content=\"index, follow, max-snippet:-1, max-image-preview:large, max-video-preview:-1\" \/>\n<link rel=\"canonical\" href=\"https:\/\/lviremes.fi\/\" \/>\n<meta property=\"og:locale\" content=\"fi_FI\" \/>\n<meta property=\"og:type\" content=\"article\" \/>\n<meta property=\"og:title\" content=\"Etusivu - LVI Remes Oy\" \/>\n<meta property=\"og:description\" content=\"Putkimies Jyv\u00e4skyl\u00e4, L\u00e4mp\u00f6pumppu, putkiremontti, LVI asennus ja huolto asiakasl\u00e4ht\u00f6isesti ja ammattitaidolla.\" \/>\n<meta property=\"og:url\" content=\"https:\/\/lviremes.fi\/\" \/>\n<meta property=\"og:site_name\" content=\"LVI Remes Oy\" \/>\n<meta property=\"article:modified_time\" content=\"2025-11-12T10:50:23+00:00\" \/>\n<meta name=\"twitter:card\" content=\"summary_large_image\" \/>\n<meta name=\"twitter:label1\" content=\"Arvioitu lukuaika\" \/>\n\t<meta name=\"twitter:data1\" content=\"1 minuutti\" \/>\n<script type=\"application\/ld+json\" class=\"yoast-schema-graph\">{\"@context\":\"https:\\\/\\\/schema.org\",\"@graph\":[{\"@type\":\"WebPage\",\"@id\":\"https:\\\/\\\/lviremes.fi\\\/\",\"url\":\"https:\\\/\\\/lviremes.fi\\\/\",\"name\":\"Etusivu - LVI Remes Oy\",\"isPartOf\":{\"@id\":\"https:\\\/\\\/lviremes.fi\\\/#website\"},\"datePublished\":\"2022-09-02T15:44:19+00:00\",\"dateModified\":\"2025-11-12T10:50:23+00:00\",\"description\":\"Putkimies Jyv\u00e4skyl\u00e4, L\u00e4mp\u00f6pumppu, putkiremontti, LVI asennus ja huolto asiakasl\u00e4ht\u00f6isesti ja ammattitaidolla.\",\"breadcrumb\":{\"@id\":\"https:\\\/\\\/lviremes.fi\\\/#breadcrumb\"},\"inLanguage\":\"fi\",\"potentialAction\":[{\"@type\":\"ReadAction\",\"target\":[\"https:\\\/\\\/lviremes.fi\\\/\"]}]},{\"@type\":\"BreadcrumbList\",\"@id\":\"https:\\\/\\\/lviremes.fi\\\/#breadcrumb\",\"itemListElement\":[{\"@type\":\"ListItem\",\"position\":1,\"name\":\"Etusivu\",\"item\":\"https:\\\/\\\/lviremes.fi\\\/\"},{\"@type\":\"ListItem\",\"position\":2,\"name\":\"Etusivu\"}]},{\"@type\":\"WebSite\",\"@id\":\"https:\\\/\\\/lviremes.fi\\\/#website\",\"url\":\"https:\\\/\\\/lviremes.fi\\\/\",\"name\":\"LVI Remes Oy\",\"description\":\"LVI-asennus ja huolto Jyv&auml;skyl&auml;ss&auml;\",\"publisher\":{\"@id\":\"https:\\\/\\\/lviremes.fi\\\/#organization\"},\"potentialAction\":[{\"@type\":\"SearchAction\",\"target\":{\"@type\":\"EntryPoint\",\"urlTemplate\":\"https:\\\/\\\/lviremes.fi\\\/?s={search_term_string}\"},\"query-input\":{\"@type\":\"PropertyValueSpecification\",\"valueRequired\":true,\"valueName\":\"search_term_string\"}}],\"inLanguage\":\"fi\"},{\"@type\":\"Organization\",\"@id\":\"https:\\\/\\\/lviremes.fi\\\/#organization\",\"name\":\"LVI Remes Oy\",\"url\":\"https:\\\/\\\/lviremes.fi\\\/\",\"logo\":{\"@type\":\"ImageObject\",\"inLanguage\":\"fi\",\"@id\":\"https:\\\/\\\/lviremes.fi\\\/#\\\/schema\\\/logo\\\/image\\\/\",\"url\":\"https:\\\/\\\/lviremes.fi\\\/wp-content\\\/uploads\\\/2022\\\/09\\\/cropped-sinilogot.png\",\"contentUrl\":\"https:\\\/\\\/lviremes.fi\\\/wp-content\\\/uploads\\\/2022\\\/09\\\/cropped-sinilogot.png\",\"width\":1314,\"height\":250,\"caption\":\"LVI Remes Oy\"},\"image\":{\"@id\":\"https:\\\/\\\/lviremes.fi\\\/#\\\/schema\\\/logo\\\/image\\\/\"}}]}<\/script>\n<!-- \/ Yoast SEO plugin. -->","yoast_head_json":{"title":"Etusivu - LVI Remes Oy","description":"Putkimies Jyv\u00e4skyl\u00e4, L\u00e4mp\u00f6pumppu, putkiremontti, LVI asennus ja huolto asiakasl\u00e4ht\u00f6isesti ja ammattitaidolla.","robots":{"index":"index","follow":"follow","max-snippet":"max-snippet:-1","max-image-preview":"max-image-preview:large","max-video-preview":"max-video-preview:-1"},"canonical":"https:\/\/lviremes.fi\/","og_locale":"fi_FI","og_type":"article","og_title":"Etusivu - LVI Remes Oy","og_description":"Putkimies Jyv\u00e4skyl\u00e4, L\u00e4mp\u00f6pumppu, putkiremontti, LVI asennus ja huolto asiakasl\u00e4ht\u00f6isesti ja ammattitaidolla.","og_url":"https:\/\/lviremes.fi\/","og_site_name":"LVI Remes Oy","article_modified_time":"2025-11-12T10:50:23+00:00","twitter_card":"summary_large_image","twitter_misc":{"Arvioitu lukuaika":"1 minuutti"},"schema":{"@context":"https:\/\/schema.org","@graph":[{"@type":"WebPage","@id":"https:\/\/lviremes.fi\/","url":"https:\/\/lviremes.fi\/","name":"Etusivu - LVI Remes Oy","isPartOf":{"@id":"https:\/\/lviremes.fi\/#website"},"datePublished":"2022-09-02T15:44:19+00:00","dateModified":"2025-11-12T10:50:23+00:00","description":"Putkimies Jyv\u00e4skyl\u00e4, L\u00e4mp\u00f6pumppu, putkiremontti, LVI asennus ja huolto asiakasl\u00e4ht\u00f6isesti ja ammattitaidolla.","breadcrumb":{"@id":"https:\/\/lviremes.fi\/#breadcrumb"},"inLanguage":"fi","potentialAction":[{"@type":"ReadAction","target":["https:\/\/lviremes.fi\/"]}]},{"@type":"BreadcrumbList","@id":"https:\/\/lviremes.fi\/#breadcrumb","itemListElement":[{"@type":"ListItem","position":1,"name":"Etusivu","item":"https:\/\/lviremes.fi\/"},{"@type":"ListItem","position":2,"name":"Etusivu"}]},{"@type":"WebSite","@id":"https:\/\/lviremes.fi\/#website","url":"https:\/\/lviremes.fi\/","name":"LVI Remes Oy","description":"LVI-asennus ja huolto Jyv&auml;skyl&auml;ss&auml;","publisher":{"@id":"https:\/\/lviremes.fi\/#organization"},"potentialAction":[{"@type":"SearchAction","target":{"@type":"EntryPoint","urlTemplate":"https:\/\/lviremes.fi\/?s={search_term_string}"},"query-input":{"@type":"PropertyValueSpecification","valueRequired":true,"valueName":"search_term_string"}}],"inLanguage":"fi"},{"@type":"Organization","@id":"https:\/\/lviremes.fi\/#organization","name":"LVI Remes Oy","url":"https:\/\/lviremes.fi\/","logo":{"@type":"ImageObject","inLanguage":"fi","@id":"https:\/\/lviremes.fi\/#\/schema\/logo\/image\/","url":"https:\/\/lviremes.fi\/wp-content\/uploads\/2022\/09\/cropped-sinilogot.png","contentUrl":"https:\/\/lviremes.fi\/wp-content\/uploads\/2022\/09\/cropped-sinilogot.png","width":1314,"height":250,"caption":"LVI Remes Oy"},"image":{"@id":"https:\/\/lviremes.fi\/#\/schema\/logo\/image\/"}}]}},"_links":{"self":[{"href":"https:\/\/lviremes.fi\/index.php\/wp-json\/wp\/v2\/pages\/50","targetHints":{"allow":["GET"]}}],"collection":[{"href":"https:\/\/lviremes.fi\/index.php\/wp-json\/wp\/v2\/pages"}],"about":[{"href":"https:\/\/lviremes.fi\/index.php\/wp-json\/wp\/v2\/types\/page"}],"author":[{"embeddable":true,"href":"https:\/\/lviremes.fi\/index.php\/wp-json\/wp\/v2\/users\/1"}],"replies":[{"embeddable":true,"href":"https:\/\/lviremes.fi\/index.php\/wp-json\/wp\/v2\/comments?post=50"}],"version-history":[{"count":3,"href":"https:\/\/lviremes.fi\/index.php\/wp-json\/wp\/v2\/pages\/50\/revisions"}],"predecessor-version":[{"id":920,"href":"https:\/\/lviremes.fi\/index.php\/wp-json\/wp\/v2\/pages\/50\/revisions\/920"}],"wp:attachment":[{"href":"https:\/\/lviremes.fi\/index.php\/wp-json\/wp\/v2\/media?parent=50"}],"curies":[{"name":"wp","href":"https:\/\/api.w.org\/{rel}","templated":true}]}}