{"id":175,"date":"2023-04-28T18:22:17","date_gmt":"2023-04-28T18:22:17","guid":{"rendered":"https:\/\/lviremes.fi\/?page_id=175"},"modified":"2024-11-03T13:39:42","modified_gmt":"2024-11-03T13:39:42","slug":"ilmalampopumput","status":"publish","type":"page","link":"https:\/\/lviremes.fi\/index.php\/ilmalampopumput\/","title":{"rendered":"Ilmal\u00e4mp\u00f6pumput"},"content":{"rendered":"\n<p>Ilmal\u00e4mp\u00f6pumppu on energiatehokas ja ymp\u00e4rist\u00f6yst\u00e4v\u00e4llinen ratkaisu, joka parantaa asumismukavuutta ymp\u00e4ri vuoden. Talvella se hy\u00f6dynt\u00e4\u00e4 ulkoilman l\u00e4mp\u00f6energiaa l\u00e4mmitt\u00e4en sis\u00e4tilat kustannustehokkaasti, ja kes\u00e4ll\u00e4 se toimii viilent\u00e4en tiloja miellytt\u00e4v\u00e4sti. Lis\u00e4ksi ilmal\u00e4mp\u00f6pumppu puhdistaa ja tarvittaessa kuivattaa sis\u00e4ilmaa, mik\u00e4 parantaa ilmanlaatua ja v\u00e4hent\u00e4\u00e4 kosteuden aiheuttamia ongelmia.<\/p>\n\n\n\n<p>LVI Remes Oy tarjoaa laadukkaita ilmal\u00e4mp\u00f6pumppuja, kuten Mitsubishi, Daikin ja Toshiba, jotka on suunniteltu toimimaan tehokkaasti my\u00f6s Suomen vaativissa s\u00e4\u00e4olosuhteissa. Asiantunteva henkil\u00f6kuntamme auttaa sinua valitsemaan juuri sinun kotiisi ja tarpeisiisi sopivan ilmal\u00e4mp\u00f6pumpun. Tarjoamme my\u00f6s ammattitaitoisen ja siistin asennuspalvelun, joka varmistaa laitteen optimaalisen toiminnan ja pitk\u00e4n k\u00e4ytt\u00f6i\u00e4n.<\/p>\n\n\n\n<p>Ota yhteytt\u00e4 niin suunnitellaan yhdess\u00e4 energiatehokas ja mukavuutta lis\u00e4\u00e4v\u00e4 ilmal\u00e4mp\u00f6pumppuratkaisu kotiisi.<\/p>\n\n\n\n<div class=\"wp-block-columns is-layout-flex wp-container-core-columns-is-layout-9d6595d7 wp-block-columns-is-layout-flex\">\n<div class=\"wp-block-column is-layout-flow wp-block-column-is-layout-flow\">\n<figure class=\"wp-block-image size-large\"><img fetchpriority=\"high\" decoding=\"async\" width=\"1024\" height=\"682\" src=\"https:\/\/lviremes.fi\/wp-content\/uploads\/2023\/04\/Daikin-ilmalampopumppu-Stylish-H_musta-1024x682.jpg\" alt=\"\" class=\"wp-image-179\" srcset=\"https:\/\/lviremes.fi\/wp-content\/uploads\/2023\/04\/Daikin-ilmalampopumppu-Stylish-H_musta-1024x682.jpg 1024w, https:\/\/lviremes.fi\/wp-content\/uploads\/2023\/04\/Daikin-ilmalampopumppu-Stylish-H_musta-300x200.jpg 300w, https:\/\/lviremes.fi\/wp-content\/uploads\/2023\/04\/Daikin-ilmalampopumppu-Stylish-H_musta-768x512.jpg 768w, https:\/\/lviremes.fi\/wp-content\/uploads\/2023\/04\/Daikin-ilmalampopumppu-Stylish-H_musta-1536x1024.jpg 1536w, https:\/\/lviremes.fi\/wp-content\/uploads\/2023\/04\/Daikin-ilmalampopumppu-Stylish-H_musta.jpg 2000w\" sizes=\"(max-width: 767px) 89vw, (max-width: 1000px) 54vw, (max-width: 1071px) 543px, 580px\" \/><\/figure>\n<\/div>\n<\/div>\n\n\n\n<div class=\"wp-block-buttons is-content-justification-space-between is-layout-flex wp-container-core-buttons-is-layout-3d213aab wp-block-buttons-is-layout-flex\">\n<div class=\"wp-block-button\"><a class=\"wp-block-button__link wp-element-button\" href=\"https:\/\/www.daikin.fi\/fi_fi\/tuoteryhmat\/ilmalampopumput.html\" target=\"_blank\" rel=\"noreferrer noopener\">Daikin mallisto<\/a><\/div>\n\n\n\n<div class=\"wp-block-button\"><a class=\"wp-block-button__link wp-element-button\" href=\"https:\/\/toshibaproshop.fi\/\">Toshiba mallisto<\/a><\/div>\n\n\n\n<div class=\"wp-block-button\"><a class=\"wp-block-button__link wp-element-button\" href=\"https:\/\/scanoffice.fi\/ilmalampopumput\/\" target=\"_blank\" rel=\"noreferrer noopener\">Mitsubishi mallisto<\/a><\/div>\n<\/div>\n\n\n\n<div class=\"wp-block-buttons is-content-justification-right is-layout-flex wp-container-core-buttons-is-layout-765c4724 wp-block-buttons-is-layout-flex\">\n<div class=\"wp-block-button\"><a class=\"wp-block-button__link wp-element-button\" href=\"https:\/\/lviremes.fi\/index.php\/palvelut-2\/\">Takaisin<\/a><\/div>\n<\/div>\n","protected":false},"excerpt":{"rendered":"<p>Ilmal\u00e4mp\u00f6pumppu on energiatehokas ja ymp\u00e4rist\u00f6yst\u00e4v\u00e4llinen ratkaisu, joka parantaa asumismukavuutta ymp\u00e4ri vuoden. Talvella se hy\u00f6dynt\u00e4\u00e4 ulkoilman l\u00e4mp\u00f6energiaa l\u00e4mmitt\u00e4en sis\u00e4tilat kustannustehokkaasti, ja kes\u00e4ll\u00e4 se toimii viilent\u00e4en tiloja miellytt\u00e4v\u00e4sti. Lis\u00e4ksi ilmal\u00e4mp\u00f6pumppu puhdistaa ja tarvittaessa kuivattaa sis\u00e4ilmaa, mik\u00e4 parantaa ilmanlaatua ja v\u00e4hent\u00e4\u00e4 kosteuden aiheuttamia ongelmia. LVI Remes Oy tarjoaa laadukkaita ilmal\u00e4mp\u00f6pumppuja, kuten Mitsubishi, Daikin ja Toshiba, jotka on suunniteltu &hellip; <\/p>\n<p class=\"link-more\"><a href=\"https:\/\/lviremes.fi\/index.php\/ilmalampopumput\/\" class=\"more-link\">Jatka lukemista<span class=\"screen-reader-text\"> &#8221;Ilmal\u00e4mp\u00f6pumput&#8221;<\/span><\/a><\/p>\n","protected":false},"author":1,"featured_media":0,"parent":0,"menu_order":0,"comment_status":"closed","ping_status":"closed","template":"","meta":{"footnotes":""},"class_list":["post-175","page","type-page","status-publish","hentry"],"yoast_head":"<!-- This site is optimized with the Yoast SEO plugin v27.4 - https:\/\/yoast.com\/product\/yoast-seo-wordpress\/ -->\n<title>Ilmal\u00e4mp\u00f6pumput - LVI Remes Oy<\/title>\n<meta name=\"description\" content=\"Laadukkaat ilmal\u00e4mp\u00f6pumput Jyv\u00e4skyl\u00e4n alueella l\u00e4mmitykseen ja j\u00e4\u00e4hdytykseen. Kaikki laatumerkit ja ammattitaitoinen asennus.\" \/>\n<meta name=\"robots\" content=\"index, follow, max-snippet:-1, max-image-preview:large, max-video-preview:-1\" \/>\n<link rel=\"canonical\" href=\"https:\/\/lviremes.fi\/index.php\/ilmalampopumput\/\" \/>\n<meta property=\"og:locale\" content=\"fi_FI\" \/>\n<meta property=\"og:type\" content=\"article\" \/>\n<meta property=\"og:title\" content=\"Ilmal\u00e4mp\u00f6pumput - LVI Remes Oy\" \/>\n<meta property=\"og:description\" content=\"Laadukkaat ilmal\u00e4mp\u00f6pumput Jyv\u00e4skyl\u00e4n alueella l\u00e4mmitykseen ja j\u00e4\u00e4hdytykseen. Kaikki laatumerkit ja ammattitaitoinen asennus.\" \/>\n<meta property=\"og:url\" content=\"https:\/\/lviremes.fi\/index.php\/ilmalampopumput\/\" \/>\n<meta property=\"og:site_name\" content=\"LVI Remes Oy\" \/>\n<meta property=\"article:modified_time\" content=\"2024-11-03T13:39:42+00:00\" \/>\n<meta property=\"og:image\" content=\"https:\/\/lviremes.fi\/wp-content\/uploads\/2023\/04\/Daikin-ilmalampopumppu-Stylish-H_musta.jpg\" \/>\n\t<meta property=\"og:image:width\" content=\"2000\" \/>\n\t<meta property=\"og:image:height\" content=\"1333\" \/>\n\t<meta property=\"og:image:type\" content=\"image\/jpeg\" \/>\n<meta name=\"twitter:card\" content=\"summary_large_image\" \/>\n<meta name=\"twitter:label1\" content=\"Arvioitu lukuaika\" \/>\n\t<meta name=\"twitter:data1\" content=\"1 minuutti\" \/>\n<script type=\"application\/ld+json\" class=\"yoast-schema-graph\">{\"@context\":\"https:\\\/\\\/schema.org\",\"@graph\":[{\"@type\":\"WebPage\",\"@id\":\"https:\\\/\\\/lviremes.fi\\\/index.php\\\/ilmalampopumput\\\/\",\"url\":\"https:\\\/\\\/lviremes.fi\\\/index.php\\\/ilmalampopumput\\\/\",\"name\":\"Ilmal\u00e4mp\u00f6pumput - LVI Remes Oy\",\"isPartOf\":{\"@id\":\"https:\\\/\\\/lviremes.fi\\\/#website\"},\"primaryImageOfPage\":{\"@id\":\"https:\\\/\\\/lviremes.fi\\\/index.php\\\/ilmalampopumput\\\/#primaryimage\"},\"image\":{\"@id\":\"https:\\\/\\\/lviremes.fi\\\/index.php\\\/ilmalampopumput\\\/#primaryimage\"},\"thumbnailUrl\":\"https:\\\/\\\/lviremes.fi\\\/wp-content\\\/uploads\\\/2023\\\/04\\\/Daikin-ilmalampopumppu-Stylish-H_musta-1024x682.jpg\",\"datePublished\":\"2023-04-28T18:22:17+00:00\",\"dateModified\":\"2024-11-03T13:39:42+00:00\",\"description\":\"Laadukkaat ilmal\u00e4mp\u00f6pumput Jyv\u00e4skyl\u00e4n alueella l\u00e4mmitykseen ja j\u00e4\u00e4hdytykseen. Kaikki laatumerkit ja ammattitaitoinen asennus.\",\"breadcrumb\":{\"@id\":\"https:\\\/\\\/lviremes.fi\\\/index.php\\\/ilmalampopumput\\\/#breadcrumb\"},\"inLanguage\":\"fi\",\"potentialAction\":[{\"@type\":\"ReadAction\",\"target\":[\"https:\\\/\\\/lviremes.fi\\\/index.php\\\/ilmalampopumput\\\/\"]}]},{\"@type\":\"ImageObject\",\"inLanguage\":\"fi\",\"@id\":\"https:\\\/\\\/lviremes.fi\\\/index.php\\\/ilmalampopumput\\\/#primaryimage\",\"url\":\"https:\\\/\\\/lviremes.fi\\\/wp-content\\\/uploads\\\/2023\\\/04\\\/Daikin-ilmalampopumppu-Stylish-H_musta.jpg\",\"contentUrl\":\"https:\\\/\\\/lviremes.fi\\\/wp-content\\\/uploads\\\/2023\\\/04\\\/Daikin-ilmalampopumppu-Stylish-H_musta.jpg\",\"width\":2000,\"height\":1333},{\"@type\":\"BreadcrumbList\",\"@id\":\"https:\\\/\\\/lviremes.fi\\\/index.php\\\/ilmalampopumput\\\/#breadcrumb\",\"itemListElement\":[{\"@type\":\"ListItem\",\"position\":1,\"name\":\"Etusivu\",\"item\":\"https:\\\/\\\/lviremes.fi\\\/\"},{\"@type\":\"ListItem\",\"position\":2,\"name\":\"Ilmal\u00e4mp\u00f6pumput\"}]},{\"@type\":\"WebSite\",\"@id\":\"https:\\\/\\\/lviremes.fi\\\/#website\",\"url\":\"https:\\\/\\\/lviremes.fi\\\/\",\"name\":\"LVI Remes Oy\",\"description\":\"LVI-asennus ja huolto Jyv&auml;skyl&auml;ss&auml;\",\"publisher\":{\"@id\":\"https:\\\/\\\/lviremes.fi\\\/#organization\"},\"potentialAction\":[{\"@type\":\"SearchAction\",\"target\":{\"@type\":\"EntryPoint\",\"urlTemplate\":\"https:\\\/\\\/lviremes.fi\\\/?s={search_term_string}\"},\"query-input\":{\"@type\":\"PropertyValueSpecification\",\"valueRequired\":true,\"valueName\":\"search_term_string\"}}],\"inLanguage\":\"fi\"},{\"@type\":\"Organization\",\"@id\":\"https:\\\/\\\/lviremes.fi\\\/#organization\",\"name\":\"LVI Remes Oy\",\"url\":\"https:\\\/\\\/lviremes.fi\\\/\",\"logo\":{\"@type\":\"ImageObject\",\"inLanguage\":\"fi\",\"@id\":\"https:\\\/\\\/lviremes.fi\\\/#\\\/schema\\\/logo\\\/image\\\/\",\"url\":\"https:\\\/\\\/lviremes.fi\\\/wp-content\\\/uploads\\\/2022\\\/09\\\/cropped-sinilogot.png\",\"contentUrl\":\"https:\\\/\\\/lviremes.fi\\\/wp-content\\\/uploads\\\/2022\\\/09\\\/cropped-sinilogot.png\",\"width\":1314,\"height\":250,\"caption\":\"LVI Remes Oy\"},\"image\":{\"@id\":\"https:\\\/\\\/lviremes.fi\\\/#\\\/schema\\\/logo\\\/image\\\/\"}}]}<\/script>\n<!-- \/ Yoast SEO plugin. -->","yoast_head_json":{"title":"Ilmal\u00e4mp\u00f6pumput - LVI Remes Oy","description":"Laadukkaat ilmal\u00e4mp\u00f6pumput Jyv\u00e4skyl\u00e4n alueella l\u00e4mmitykseen ja j\u00e4\u00e4hdytykseen. Kaikki laatumerkit ja ammattitaitoinen asennus.","robots":{"index":"index","follow":"follow","max-snippet":"max-snippet:-1","max-image-preview":"max-image-preview:large","max-video-preview":"max-video-preview:-1"},"canonical":"https:\/\/lviremes.fi\/index.php\/ilmalampopumput\/","og_locale":"fi_FI","og_type":"article","og_title":"Ilmal\u00e4mp\u00f6pumput - LVI Remes Oy","og_description":"Laadukkaat ilmal\u00e4mp\u00f6pumput Jyv\u00e4skyl\u00e4n alueella l\u00e4mmitykseen ja j\u00e4\u00e4hdytykseen. Kaikki laatumerkit ja ammattitaitoinen asennus.","og_url":"https:\/\/lviremes.fi\/index.php\/ilmalampopumput\/","og_site_name":"LVI Remes Oy","article_modified_time":"2024-11-03T13:39:42+00:00","og_image":[{"width":2000,"height":1333,"url":"https:\/\/lviremes.fi\/wp-content\/uploads\/2023\/04\/Daikin-ilmalampopumppu-Stylish-H_musta.jpg","type":"image\/jpeg"}],"twitter_card":"summary_large_image","twitter_misc":{"Arvioitu lukuaika":"1 minuutti"},"schema":{"@context":"https:\/\/schema.org","@graph":[{"@type":"WebPage","@id":"https:\/\/lviremes.fi\/index.php\/ilmalampopumput\/","url":"https:\/\/lviremes.fi\/index.php\/ilmalampopumput\/","name":"Ilmal\u00e4mp\u00f6pumput - LVI Remes Oy","isPartOf":{"@id":"https:\/\/lviremes.fi\/#website"},"primaryImageOfPage":{"@id":"https:\/\/lviremes.fi\/index.php\/ilmalampopumput\/#primaryimage"},"image":{"@id":"https:\/\/lviremes.fi\/index.php\/ilmalampopumput\/#primaryimage"},"thumbnailUrl":"https:\/\/lviremes.fi\/wp-content\/uploads\/2023\/04\/Daikin-ilmalampopumppu-Stylish-H_musta-1024x682.jpg","datePublished":"2023-04-28T18:22:17+00:00","dateModified":"2024-11-03T13:39:42+00:00","description":"Laadukkaat ilmal\u00e4mp\u00f6pumput Jyv\u00e4skyl\u00e4n alueella l\u00e4mmitykseen ja j\u00e4\u00e4hdytykseen. Kaikki laatumerkit ja ammattitaitoinen asennus.","breadcrumb":{"@id":"https:\/\/lviremes.fi\/index.php\/ilmalampopumput\/#breadcrumb"},"inLanguage":"fi","potentialAction":[{"@type":"ReadAction","target":["https:\/\/lviremes.fi\/index.php\/ilmalampopumput\/"]}]},{"@type":"ImageObject","inLanguage":"fi","@id":"https:\/\/lviremes.fi\/index.php\/ilmalampopumput\/#primaryimage","url":"https:\/\/lviremes.fi\/wp-content\/uploads\/2023\/04\/Daikin-ilmalampopumppu-Stylish-H_musta.jpg","contentUrl":"https:\/\/lviremes.fi\/wp-content\/uploads\/2023\/04\/Daikin-ilmalampopumppu-Stylish-H_musta.jpg","width":2000,"height":1333},{"@type":"BreadcrumbList","@id":"https:\/\/lviremes.fi\/index.php\/ilmalampopumput\/#breadcrumb","itemListElement":[{"@type":"ListItem","position":1,"name":"Etusivu","item":"https:\/\/lviremes.fi\/"},{"@type":"ListItem","position":2,"name":"Ilmal\u00e4mp\u00f6pumput"}]},{"@type":"WebSite","@id":"https:\/\/lviremes.fi\/#website","url":"https:\/\/lviremes.fi\/","name":"LVI Remes Oy","description":"LVI-asennus ja huolto Jyv&auml;skyl&auml;ss&auml;","publisher":{"@id":"https:\/\/lviremes.fi\/#organization"},"potentialAction":[{"@type":"SearchAction","target":{"@type":"EntryPoint","urlTemplate":"https:\/\/lviremes.fi\/?s={search_term_string}"},"query-input":{"@type":"PropertyValueSpecification","valueRequired":true,"valueName":"search_term_string"}}],"inLanguage":"fi"},{"@type":"Organization","@id":"https:\/\/lviremes.fi\/#organization","name":"LVI Remes Oy","url":"https:\/\/lviremes.fi\/","logo":{"@type":"ImageObject","inLanguage":"fi","@id":"https:\/\/lviremes.fi\/#\/schema\/logo\/image\/","url":"https:\/\/lviremes.fi\/wp-content\/uploads\/2022\/09\/cropped-sinilogot.png","contentUrl":"https:\/\/lviremes.fi\/wp-content\/uploads\/2022\/09\/cropped-sinilogot.png","width":1314,"height":250,"caption":"LVI Remes Oy"},"image":{"@id":"https:\/\/lviremes.fi\/#\/schema\/logo\/image\/"}}]}},"_links":{"self":[{"href":"https:\/\/lviremes.fi\/index.php\/wp-json\/wp\/v2\/pages\/175","targetHints":{"allow":["GET"]}}],"collection":[{"href":"https:\/\/lviremes.fi\/index.php\/wp-json\/wp\/v2\/pages"}],"about":[{"href":"https:\/\/lviremes.fi\/index.php\/wp-json\/wp\/v2\/types\/page"}],"author":[{"embeddable":true,"href":"https:\/\/lviremes.fi\/index.php\/wp-json\/wp\/v2\/users\/1"}],"replies":[{"embeddable":true,"href":"https:\/\/lviremes.fi\/index.php\/wp-json\/wp\/v2\/comments?post=175"}],"version-history":[{"count":1,"href":"https:\/\/lviremes.fi\/index.php\/wp-json\/wp\/v2\/pages\/175\/revisions"}],"predecessor-version":[{"id":852,"href":"https:\/\/lviremes.fi\/index.php\/wp-json\/wp\/v2\/pages\/175\/revisions\/852"}],"wp:attachment":[{"href":"https:\/\/lviremes.fi\/index.php\/wp-json\/wp\/v2\/media?parent=175"}],"curies":[{"name":"wp","href":"https:\/\/api.w.org\/{rel}","templated":true}]}}